the highest common divisor of 9017 and 142?
71
Calculate the highest common divisor of 38 and 4142.
38
Calculate the greatest common divisor of 105 and 45.
15
Calculate the highest common factor of 484 and 132.
44
Calculate the greatest common factor of 12321 and 111.
111
Calculate the greatest common factor of 469 and 67.
67
What is the highest common factor of 23 and 1817?
23
Calculate the highest common divisor of 595 and 476.
119
What is the highest common factor of 7 and 34601?
7
What is the highest common divisor of 13 and 4745?
13
What is the highest common factor of 18557 and 385?
77
What is the highest common divisor of 90 and 180?
90
What is the greatest common divisor of 180 and 1215?
45
What is the highest common divisor of 27 and 6?
3
What is the highest common divisor of 2398 and 22?
22
Calculate the highest common divisor of 552 and 120.
24
Calculate the highest common divisor of 15 and 15.
15
Calculate the highest common factor of 54 and 72.
18
Calculate the highest common factor of 1476 and 96.
12
Calculate the highest common divisor of 180 and 252.
36
Calculate the highest common divisor of 63 and 13419.
63
What is the highest common factor of 630 and 342?
18
Calculate the greatest common divisor of 264 and 242.
22
Calculate the highest common factor of 30387 and 21.
21
What is the greatest common factor of 49 and 161?
7
Calculate the greatest common divisor of 355 and 568.
71
What is the highest common divisor of 57 and 437?
19
Calculate the greatest common factor of 106 and 33602.
106
Calculate the greatest common divisor of 12 and 1256.
4
What is the highest common factor of 4656 and 272?
16
Calculate the greatest common factor of 558 and 62.
62
What is the greatest common factor of 3857 and 399?
133
What is the highest common divisor of 39 and 663?
39
What is the highest common divisor of 9958 and 65?
13
What is the greatest common factor of 97 and 1?
1
Calculate the highest common divisor of 2540 and 20.
20
What is the greatest common divisor of 2453 and 669?
223
What is the highest common divisor of 228 and 30?
6
Calculate the greatest common divisor of 16 and 2016.
16
What is the greatest common divisor of 171 and 114?
57
What is the greatest common factor of 2327 and 26?
13
What is the greatest common factor of 2457 and 4368?
273
What is the highest common factor of 5 and 2795?
5
What is the greatest common divisor of 238 and 28?
14
What is the greatest common divisor of 11 and 79530?
11
What is the highest common factor of 273 and 147?
21
Calculate the greatest common factor of 92 and 69.
23
Calculate the highest common factor of 1725 and 2415.
345
What is the greatest common factor of 52 and 1118?
26
Calculate the highest common divisor of 7 and 910.
7
Calculate the highest common divisor of 1944 and 168.
24
What is the highest common factor of 290 and 30?
10
Calculate the greatest common divisor of 3 and 810.
3
Calculate the highest common factor of 110 and 4895.
55
Calculate the highest common factor of 218 and 4.
2
What is the highest common factor of 18 and 9?
9
What is the greatest common divisor of 3012 and 12?
12
Calculate the greatest common divisor of 1144 and 88.
88
What is the highest common divisor of 352 and 22?
22
Calculate the highest common divisor of 1298 and 22.
22
What is the highest common divisor of 8704 and 192?
64
What is the highest common divisor of 6 and 630?
6
What is the highest common factor of 7598 and 580?
58
Calculate the highest common factor of 168 and 126.
42
What is the greatest common factor of 3267 and 242?
121
What is the greatest common divisor of 186 and 3410?
62
Calculate the highest common divisor of 136 and 3247.
17
Calculate the greatest common factor of 9 and 4662.
9
What is the greatest common divisor of 83 and 747?
83
What is the greatest common factor of 246 and 12?
6
Calculate the greatest common divisor of 2 and 10.
2
Calculate the greatest common factor of 525 and 84.
21
What is the highest common divisor of 4167 and 36?
9
What is the highest common divisor of 168 and 420?
84
Calculate the greatest common divisor of 14 and 126.
14
Calculate the highest common divisor of 60 and 7590.
30
What is the highest common factor of 488 and 3172?
244
Calculate the highest common factor of 1027 and 52.
13
Calculate the highest common factor of 80 and 32.
16
Calculate the greatest common factor of 285 and 5430.
15
What is the greatest common divisor of 2544 and 9222?
318
Calculate the highest common factor of 147 and 22001.
49
What is the highest common divisor of 7915 and 10?
5
Calculate the greatest common divisor of 774 and 172.
86
Calculate the greatest common divisor of 1449 and 759.
69
Calculate the greatest common divisor of 104 and 104.
104
What is the highest common factor of 576 and 27?
9
What is the greatest common divisor of 63 and 7413?
21
What is the greatest common factor of 154 and 2178?
22
Calculate the highest common divisor of 69 and 966.
69
What is the highest common divisor of 350 and 1820?
70
What is the highest common divisor of 26 and 7956?
26
What is the greatest common divisor of 120 and 276?
12
What is the greatest common divisor of 6510 and 90?
30
Calculate the highest common divisor of 62 and 6386.
62
What is the greatest common factor of 36 and 1179?
9
Calculate the highest common divisor of 47 and 8272.
47
What is the greatest common factor of 11 and 23?
1
Calculate the highest common factor of 5 and 855.
5
Calculate the greatest common divisor of 3417 and 374.
17
What is the highest common factor of 30 and 250?
10
Calculate the highest common divisor of 128 and 208.
16
Calculate the highest common factor of 33 and 66.
33
What is the greatest common factor of 16 and 4624?
16
What is the highest common divisor of 1100 and 2?
2
Calculate the highest common divisor of 18 and 66.
6
What is the greatest common divisor of 39 and 342?
3
Calculate the highest common factor of 37 and 1369.
37
What is the highest common factor of 199 and 3?
1
What is the greatest common factor of 496 and 31?
31
What is the greatest common divisor of 25 and 5?
5
Calculate the greatest common factor of 2873 and 234.
13
What is the greatest common divisor of 34 and 1326?
34
What is the greatest common divisor of 110 and 4?
2
What is the highest common factor of 21 and 112?
7
What is the highest common factor of 188 and 76?
4
What is the greatest common factor of 441 and 3234?
147
What is the highest common factor of 69 and 115?
23
What is the highest common factor of 15 and 465?
15
What is the greatest common divisor of 70 and 84?
14
What is the highest common divisor of 3624 and 24?
24
What is the greatest common factor of 289 and 136?
17
What is the highest common divisor of 209 and 11?
11
Calculate the greatest common factor of 7442 and 366.
122
Calculate the greatest common divisor of 25 and 25.
25
Calculate the greatest common divisor of 512 and 3008.
64
Calculate the greatest common divisor of 651 and 93.
93
What is the greatest common divisor of 122 and 1586?
122
What is the greatest common divisor of 430 and 86?
86
Calculate the greatest common factor of 357 and 63.
21
What is the greatest common factor of 56 and 2744?
56
Calculate the greatest common factor of 46 and 6.
2
What is the greatest common divisor of 518 and 7104?
74
What is the greatest common factor of 1184 and 74?
74
Calculate the greatest common factor of 216 and 204.
12
What is the highest common factor of 51 and 527?
17
What is the highest common factor of 189 and 405?
27
Calculate the highest common factor of 72 and 90.
18
Calculate the highest common factor of 551 and 29.
29
What is the greatest common factor of 24 and 204?
12
Calculate the greatest common factor of 9 and 441.
9
Calculate the highest common divisor of 210 and 270.
30
Calculate the highest common factor of 4 and 4244.
4
Calculate the greatest common factor of 208 and 48.
16
Calculate the greatest common divisor of 1150 and 50.
50
What is the greatest common divisor of 12031 and 53?
53
Calculate the greatest common factor of 31 and 620.
31
What is the greatest common factor of 1185 and 375?
15
What is the highest common divisor of 107 and 1177?
107
Calculate the greatest common factor of 384 and 6.
6
Calculate the greatest common 